516475?
4025
What is the greatest common divisor of 59046500 and 140?
20
What is the greatest common divisor of 17817954 and 462?
462
Calculate the greatest common divisor of 81579 and 4086993.
1149
Calculate the highest common divisor of 99358006 and 11.
11
What is the highest common factor of 47979217 and 143?
143
Calculate the highest common divisor of 39 and 22018477.
13
Calculate the greatest common divisor of 1418430960 and 36.
36
Calculate the greatest common divisor of 571956 and 48282.
3714
What is the greatest common factor of 50199097 and 10371?
3457
Calculate the highest common divisor of 5915 and 213365425.
455
What is the highest common factor of 494954 and 29388908?
8114
Calculate the greatest common factor of 154191204 and 4770.
954
What is the greatest common divisor of 43068 and 217086?
582
Calculate the greatest common divisor of 658 and 2154733847.
329
Calculate the highest common factor of 20900 and 18510750.
950
What is the highest common factor of 70192 and 42247024?
1712
Calculate the greatest common divisor of 522843 and 147.
3
What is the greatest common factor of 222101 and 9586753?
3641
What is the greatest common divisor of 10878021 and 5229?
63
Calculate the highest common factor of 4613430 and 3.
3
What is the greatest common factor of 3440 and 59517375?
215
What is the highest common divisor of 1143 and 366141?
381
Calculate the highest common divisor of 621 and 325739961.
621
Calculate the greatest common factor of 26 and 62691122.
26
Calculate the highest common factor of 3862 and 62068133.
1931
Calculate the highest common factor of 3064 and 970139.
383
What is the greatest common factor of 68248 and 288288083?
8531
Calculate the greatest common factor of 3237 and 3308463.
249
What is the highest common divisor of 551 and 16723097?
19
What is the highest common divisor of 291 and 22443?
3
What is the highest common divisor of 1128 and 379707?
3
What is the greatest common factor of 4755 and 287790?
15
Calculate the highest common factor of 17604 and 10106163.
1467
What is the highest common factor of 32405343 and 149808?
9363
Calculate the highest common factor of 720264 and 2.
2
What is the highest common divisor of 99234 and 30399129?
1341
Calculate the highest common divisor of 434946 and 194682.
426
Calculate the highest common divisor of 2199 and 58200933.
2199
What is the greatest common factor of 122357 and 9176?
31
What is the greatest common divisor of 1090 and 201300110?
1090
What is the greatest common divisor of 82432 and 33463808?
3584
What is the greatest common divisor of 475932 and 78?
6
What is the greatest common divisor of 1276 and 11744887?
11
Calculate the highest common divisor of 72 and 31463008.
8
Calculate the highest common factor of 20 and 17602390.
10
What is the greatest common divisor of 456 and 239344872?
24
What is the greatest common factor of 2523 and 4804633?
841
Calculate the highest common factor of 116808071 and 15436.
3859
Calculate the greatest common divisor of 30495 and 1112545.
95
Calculate the highest common factor of 2552 and 980848.
88
Calculate the highest common divisor of 2502444 and 89404.
868
Calculate the greatest common divisor of 287001 and 3848757.
7359
Calculate the greatest common divisor of 135651550 and 100.
50
Calculate the greatest common factor of 949424768 and 81020.
16204
What is the highest common divisor of 2779414 and 110?
22
What is the greatest common factor of 2850276 and 4228?
604
What is the highest common factor of 105 and 4924178?
7
What is the greatest common factor of 7138506 and 186?
6
What is the greatest common factor of 4380 and 297953004?
876
Calculate the highest common divisor of 1130420 and 1454060.
580
What is the greatest common divisor of 51763 and 2849?
37
What is the greatest common factor of 1737 and 34344543?
579
Calculate the greatest common divisor of 3 and 245590467.
3
Calculate the highest common divisor of 2118 and 85997154.
2118
Calculate the greatest common divisor of 519460 and 530.
10
What is the highest common divisor of 113860 and 14220?
20
Calculate the highest common divisor of 57 and 3253351.
19
What is the greatest common factor of 33 and 16418171?
11
What is the greatest common divisor of 5399353 and 255?
17
What is the greatest common divisor of 267654 and 744?
186
What is the highest common divisor of 60406191 and 1963?
151
What is the highest common factor of 17387542 and 6?
2
Calculate the highest common divisor of 17 and 1808545187.
17
What is the highest common divisor of 211264 and 88?
8
What is the highest common factor of 344394 and 468198?
342
What is the greatest common factor of 4 and 19686388?
4
What is the highest common factor of 1488 and 3358974?
186
Calculate the greatest common factor of 2160 and 1335879.
27
What is the highest common divisor of 32187188 and 4862?
374
What is the greatest common divisor of 226867 and 664?
1
What is the highest common factor of 60764501 and 574?
287
Calculate the highest common divisor of 172321536 and 708.
708
What is the highest common factor of 3916 and 107399237?
979
Calculate the highest common factor of 615994 and 101594.
1286
What is the highest common divisor of 7657 and 652457?
403
Calculate the highest common divisor of 7888 and 19467856.
272
Calculate the highest common divisor of 16770 and 231491.
13
Calculate the highest common divisor of 113161296 and 96.
48
Calculate the greatest common factor of 125802 and 1566018.
4338
What is the highest common divisor of 1249 and 1041?
1
Calculate the greatest common factor of 51240 and 43323.
21
What is the highest common factor of 58195 and 791?
113
Calculate the greatest common divisor of 54 and 1508766.
6
Calculate the highest common divisor of 12115760 and 160.
80
Calculate the highest common divisor of 1014 and 137150598.
1014
What is the highest common divisor of 96454 and 243310?
58
Calculate the highest common factor of 242493096 and 48.
24
Calculate the greatest common divisor of 18 and 622813134.
6
What is the greatest common factor of 9849 and 179939823?
1407
What is the highest common divisor of 414 and 16913898?
18
What is the highest common divisor of 2172252 and 729849?
3459
What is the greatest common factor of 8664375 and 1125?
375
What is the highest common divisor of 2522416 and 2956174?
1742
Calculate the highest common divisor of 1911259129 and 23.
23
What is the greatest common divisor of 131503328 and 23?
23
Calculate the highest common divisor of 816 and 5020746.
102
Calculate the highest common divisor of 543031 and 9248.
289
What is the greatest common divisor of 64471075 and 65800?
1175
What is the highest common divisor of 4424 and 2991256?
632
Calculate the greatest common divisor of 51278513 and 99.
11
What is the greatest common factor of 14615381 and 88?
11
Calculate the highest common factor of 353 and 14558779.
353
Calculate the greatest common factor of 553 and 3415272.
7
Calculate the greatest common factor of 2068 and 2300716.
44
Calculate the greatest common factor of 23545 and 367540.
85
Calculate the greatest common factor of 88 and 20088024.
88
Calculate the greatest common factor of 140 and 10156286.
14
What is the highest common factor of 592 and 14993288?
296
Calculate the highest common divisor of 264 and 28684326.
66
What is the highest common factor of 1350224 and 1072?
16
Calculate the highest common divisor of 948447 and 459.
153
Calculate the highest common factor of 164084 and 1649884.
1292
Calculate the greatest common factor of 162250 and 2816.
22
Calculate the highest common divisor of 66525470 and 59710.
8530
What is the greatest common divisor of 50884613 and 13?
13
What is the highest common divisor of 216 and 8466012?
108
Calculate the highest common divisor of 52237593 and 171.
171
What is the greatest common divisor of 43888 and 7341112?
1688
What is the greatest common divisor of 4199 and 1726112?
323
What is the highest common divisor of 4 and 8655172?
4
Calculate the highest common factor of 11878661 and 145.
29
What is the highest common factor of 8261139 and 11805?
2361
Calculate the highest common factor of 1939 and 467243.
7
What is the greatest common divisor of 28497 and 1533?
21
Calculate the greatest common factor of 100787262